emainder when 23705604 is divided by 30.
24
What is the remainder when 270549 is divided by 26915?
1399
What is the remainder when 1033722469 is divided by 11?
10
What is the remainder when 837993 is divided by 55836?
453
What is the remainder when 101066 is divided by 19?
5
What is the remainder when 1522623 is divided by 756?
39
Calculate the remainder when 15166199 is divided by 21.
20
Calculate the remainder when 2708231 is divided by 1409.
133
What is the remainder when 87620 is divided by 4447?
3127
What is the remainder when 22634765 is divided by 10402?
13
Calculate the remainder when 3940204 is divided by 7036.
44
Calculate the remainder when 6914411 is divided by 7565.
1
Calculate the remainder when 8012396 is divided by 1090.
896
Calculate the remainder when 120564433 is divided by 885.
883
What is the remainder when 913254 is divided by 304308?
330
Calculate the remainder when 1956900049 is divided by 14.
13
What is the remainder when 3879972 is divided by 190?
172
Calculate the remainder when 690712 is divided by 1877.
1853
What is the remainder when 38891 is divided by 1847?
104
Calculate the remainder when 3619592 is divided by 1608.
1592
What is the remainder when 1070629 is divided by 1439?
13
What is the remainder when 8405434 is divided by 40?
34
Calculate the remainder when 113510 is divided by 714.
698
Calculate the remainder when 3042836 is divided by 2352.
1700
What is the remainder when 94365323 is divided by 54?
53
Calculate the remainder when 119170657 is divided by 215.
27
Calculate the remainder when 516384 is divided by 15181.
230
Calculate the remainder when 87585895 is divided by 827.
806
What is the remainder when 193828330 is divided by 735?
10
What is the remainder when 1714713 is divided by 338?
39
What is the remainder when 21649843 is divided by 2771?
20
What is the remainder when 26398 is divided by 2636?
38
Calculate the remainder when 7900990 is divided by 792.
790
Calculate the remainder when 28726171 is divided by 431.
21
What is the remainder when 312800 is divided by 1955?
0
What is the remainder when 325673229 is divided by 388?
385
Calculate the remainder when 259072 is divided by 209.
121
What is the remainder when 255053 is divided by 643?
425
What is the remainder when 20895786 is divided by 5496?
5490
What is the remainder when 740275 is divided by 370046?
183
Calculate the remainder when 26264 is divided by 859.
494
Calculate the remainder when 646118 is divided by 1580.
1478
Calculate the remainder when 28405725 is divided by 4145.
40
What is the remainder when 25968826 is divided by 631?
21
What is the remainder when 9969014 is divided by 712071?
20
What is the remainder when 173078875 is divided by 1486?
1483
Calculate the remainder when 6461573 is divided by 2153852.
17
What is the remainder when 2470034 is divided by 1234973?
88
What is the remainder when 76379989 is divided by 8?
5
What is the remainder when 7327235 is divided by 14?
13
What is the remainder when 5509513 is divided by 1836504?
1
Calculate the remainder when 3114460 is divided by 4024.
3908
What is the remainder when 164101566 is divided by 2076?
2070
What is the remainder when 2944448 is divided by 1759?
1641
Calculate the remainder when 545315 is divided by 105.
50
Calculate the remainder when 66038 is divided by 1942.
10
Calculate the remainder when 3938618 is divided by 375.
368
What is the remainder when 2979534 is divided by 6818?
68
What is the remainder when 94133 is divided by 1139?
735
Calculate the remainder when 162734 is divided by 3141.
2543
What is the remainder when 431494 is divided by 186?
160
Calculate the remainder when 4769248 is divided by 2079.
22
Calculate the remainder when 28676 is divided by 4735.
266
Calculate the remainder when 31375214 is divided by 6208.
6190
Calculate the remainder when 3062204 is divided by 50200.
4
What is the remainder when 215866 is divided by 36?
10
Calculate the remainder when 3709055 is divided by 128.
127
What is the remainder when 385073 is divided by 127941?
1250
Calculate the remainder when 3687 is divided by 1262.
1163
Calculate the remainder when 4466472 is divided by 121.
120
What is the remainder when 190344229 is divided by 7?
5
What is the remainder when 263921 is divided by 3061?
675
What is the remainder when 59004790 is divided by 12?
10
Calculate the remainder when 1822228 is divided by 918.
916
What is the remainder when 1856335 is divided by 309387?
13
What is the remainder when 2499826 is divided by 95?
91
Calculate the remainder when 289074 is divided by 845.
84
Calculate the remainder when 12407995 is divided by 77068.
47
Calculate the remainder when 300047 is divided by 2885.
7
What is the remainder when 890836 is divided by 890774?
62
Calculate the remainder when 462358 is divided by 11277.
1
Calculate the remainder when 1520255 is divided by 72387.
128
What is the remainder when 232585 is divided by 944?
361
What is the remainder when 4328079 is divided by 346?
311
Calculate the remainder when 4396067 is divided by 13.
0
Calculate the remainder when 775763 is divided by 29831.
157
Calculate the remainder when 173686 is divided by 965.
951
Calculate the remainder when 10730119 is divided by 507.
478
Calculate the remainder when 1603000 is divided by 532696.
4912
What is the remainder when 506498 is divided by 1918?
146
Calculate the remainder when 8716704 is divided by 2905556.
36
What is the remainder when 1274150 is divided by 212352?
38
What is the remainder when 562278 is divided by 865?
28
What is the remainder when 536303 is divided by 413?
229
What is the remainder when 34925 is divided by 116?
9
Calculate the remainder when 4808498 is divided by 56.
2
Calculate the remainder when 13934834 is divided by 81.
80
Calculate the remainder when 287698 is divided by 26153.
15
Calculate the remainder when 460712 is divided by 20941.
10
What is the remainder when 305219 is divided by 5215?
2749
What is the remainder when 83144028 is divided by 19?
9
What is the remainder when 36196051 is divided by 83?
0
Calculate the remainder when 366334 is divided by 52323.
73
What is the remainder when 1525982 is divided by 32?
30
Calculate the remainder when 2343711 is divided by 45070.
71
Calculate the remainder when 8011466 is divided by 221.
216
Calculate the remainder when 10855846 is divided by 723723.
1
Calculate the remainder when 32296745 is divided by 10765579.
8
What is the remainder when 240960 is divided by 487?
382
Calculate the remainder when 476860 is divided by 79476.
4
What is the remainder when 1373058 is divided by 124713?
1215
Calculate the remainder when 281224175 is divided by 24.
23
Calculate the remainder when 66414 is divided by 9430.
404
Calculate the remainder when 105384 is divided by 30.
24
What is the remainder when 1879385 is divided by 1690?
105
What is the remainder when 1759682 is divided by 62?
60
Calculate the remainder when 54986919 is divided by 255.
249
Calculate the remainder when 2992899 is divided by 313.
306
Calculate the remainder when 159264011 is divided by 637.
634
What is the remainder when 574712 is divided by 189210?
7082
What is the remainder when 812523 is divided by 628?
519
What is the remainder when 334100386 is divided by 26?
22
What is the remainder when 13802868 is divided by 1971838?
2
Calculate the remainder when 134196 is divided by 287.
167
What is the remainder when 2518526 is divided by 316?
6
Calculate the remainder when 816678 is divided by 2052.
2034
What is the remainder when 140548 is divided by 49?
16
What is the remainder when 231219 is divided by 4526?
393
Calculate the remainder when 559277 is divided by 139811.
33
What is the remainder when 1418968 is divided by 1418937?
31
Calculate the remainder when 298128 is divided by 298084.
44
Calculate the remainder when 1846289 is divided by 1828.
9
Calculate the remainder when 18612 is divided by 18608.
4
What is the remainder when 382077 is divided by 124?
33
Calculate the remainder when 7606820 is divided by 51051.
221
What is the remainder when 172636618 is divided by 690?
688
What is the remainder when 128757 is divided by 1737?
219
Calculate the remainder when 73175 is divided by 4472.
1623
What is the remainder when 736623 is divided